he greatest common factor of 4445 and 35.
35
What is the highest common factor of 693 and 441?
63
What is the greatest common factor of 168 and 609?
21
Calculate the highest common factor of 28 and 189.
7
Calculate the highest common factor of 144 and 3888.
144
Calculate the greatest common divisor of 12 and 1482.
6
What is the highest common factor of 12 and 162144?
12
What is the greatest common divisor of 1640 and 40?
40
What is the highest common factor of 1421 and 245?
49
What is the highest common factor of 48 and 420?
12
Calculate the highest common factor of 46 and 184.
46
What is the highest common divisor of 2875 and 125?
125
What is the highest common factor of 7 and 707?
7
What is the greatest common factor of 1036 and 481?
37
What is the greatest common factor of 5 and 9?
1
What is the highest common factor of 1755 and 30?
15
Calculate the highest common factor of 29 and 2929.
29
Calculate the greatest common factor of 41 and 69454.
41
Calculate the greatest common factor of 34 and 13668.
34
What is the greatest common divisor of 3 and 31?
1
Calculate the highest common factor of 18 and 66.
6
Calculate the greatest common divisor of 35 and 287.
7
Calculate the greatest common factor of 488 and 7198.
122
Calculate the highest common factor of 1179 and 655.
131
Calculate the greatest common divisor of 216 and 63.
9
What is the greatest common divisor of 2812 and 148?
148
Calculate the highest common factor of 56 and 413.
7
What is the highest common divisor of 282 and 50196?
282
What is the highest common divisor of 237 and 1896?
237
What is the highest common divisor of 4480 and 70?
70
Calculate the highest common divisor of 6075 and 81.
81
Calculate the greatest common divisor of 22 and 506.
22
Calculate the highest common divisor of 26 and 1664.
26
What is the greatest common divisor of 134 and 44?
2
Calculate the highest common divisor of 2 and 1214.
2
Calculate the highest common factor of 3043 and 34.
17
What is the greatest common factor of 188 and 4042?
94
Calculate the greatest common factor of 429 and 156.
39
Calculate the greatest common factor of 207 and 483.
69
Calculate the highest common divisor of 22 and 187.
11
What is the greatest common factor of 444 and 111?
111
Calculate the greatest common divisor of 918 and 54.
54
Calculate the highest common divisor of 96 and 3.
3
What is the greatest common factor of 64 and 504?
8
What is the greatest common divisor of 142 and 1349?
71
Calculate the greatest common divisor of 2418 and 1054.
62
What is the highest common divisor of 63 and 18?
9
What is the highest common divisor of 285 and 513?
57
Calculate the highest common divisor of 50 and 160.
10
Calculate the highest common factor of 11866 and 170.
34
What is the highest common factor of 118 and 1829?
59
Calculate the highest common factor of 2520 and 160.
40
Calculate the highest common factor of 10528 and 448.
224
Calculate the greatest common factor of 2094 and 24.
6
What is the highest common divisor of 16 and 112?
16
Calculate the highest common divisor of 11008 and 43.
43
Calculate the greatest common divisor of 44 and 2651.
11
What is the highest common factor of 95 and 5?
5
Calculate the greatest common divisor of 108 and 189.
27
Calculate the highest common factor of 7680 and 15.
15
Calculate the greatest common divisor of 904 and 565.
113
Calculate the highest common divisor of 91 and 208.
13
Calculate the highest common divisor of 19 and 4864.
19
What is the greatest common factor of 261 and 348?
87
Calculate the highest common factor of 5 and 665.
5
Calculate the greatest common divisor of 3026 and 34.
34
What is the greatest common factor of 781 and 22?
11
Calculate the highest common divisor of 248 and 112.
8
What is the highest common divisor of 1860 and 60?
60
What is the greatest common factor of 26 and 559?
13
What is the greatest common factor of 10 and 13170?
10
What is the greatest common factor of 85 and 25?
5
Calculate the highest common factor of 231 and 99.
33
What is the greatest common divisor of 1001 and 154?
77
What is the greatest common factor of 20 and 108?
4
Calculate the greatest common divisor of 712 and 536.
8
Calculate the highest common factor of 75 and 1675.
25
What is the highest common factor of 845 and 5?
5
Calculate the highest common divisor of 95 and 361.
19
What is the greatest common factor of 3708 and 36?
36
Calculate the greatest common divisor of 2702 and 14.
14
Calculate the highest common factor of 11 and 11.
11
Calculate the greatest common factor of 28 and 42.
14
Calculate the greatest common factor of 3 and 2187.
3
Calculate the greatest common factor of 5376 and 504.
168
What is the highest common divisor of 9003 and 3?
3
Calculate the highest common factor of 302 and 4.
2
What is the greatest common factor of 39 and 6?
3
What is the greatest common divisor of 44 and 77?
11
Calculate the greatest common divisor of 54 and 186.
6
What is the greatest common factor of 575 and 75?
25
Calculate the greatest common factor of 105 and 591.
3
What is the greatest common divisor of 33 and 110?
11
Calculate the greatest common divisor of 18 and 1125.
9
What is the highest common divisor of 105 and 26355?
105
Calculate the highest common divisor of 18 and 32.
2
Calculate the highest common factor of 54 and 54.
54
What is the greatest common divisor of 3384 and 144?
72
What is the highest common factor of 40 and 24?
8
Calculate the greatest common divisor of 8 and 28840.
8
What is the highest common divisor of 6 and 633?
3
What is the greatest common factor of 1504 and 128?
32
Calculate the greatest common divisor of 300 and 12.
12
Calculate the greatest common factor of 52 and 1742.
26
What is the highest common factor of 112 and 208?
16
Calculate the highest common factor of 80 and 16.
16
What is the greatest common divisor of 484 and 2068?
44
What is the highest common divisor of 52 and 234?
26
What is the highest common divisor of 1100 and 88?
44
What is the greatest common divisor of 29 and 1537?
29
What is the greatest common factor of 10 and 1210?
10
What is the greatest common divisor of 92 and 10580?
92
What is the highest common divisor of 44 and 248?
4
What is the greatest common divisor of 67 and 77921?
67
Calculate the greatest common divisor of 518 and 4403.
259
Calculate the greatest common divisor of 48 and 16.
16
Calculate the highest common factor of 27440 and 60.
20
Calculate the highest common divisor of 625 and 400.
25
What is the highest common divisor of 12 and 4?
4
What is the greatest common factor of 7 and 49?
7
Calculate the greatest common factor of 2 and 14.
2
What is the greatest common factor of 342 and 513?
171
What is the highest common divisor of 75 and 9?
3
Calculate the greatest common divisor of 3 and 485.
1
Calculate the highest common factor of 882 and 6.
6
Calculate the highest common divisor of 462 and 182.
14
What is the greatest common divisor of 343 and 14?
7
What is the highest common factor of 176 and 22?
22
Calculate the highest common divisor of 5 and 635.
5
Calculate the greatest common divisor of 127 and 7.
1
What is the greatest common factor of 26 and 390?
26
Calculate the greatest common divisor of 35 and 21.
7
What is the highest common divisor of 39 and 351?
39
Calculate the greatest common factor of 54 and 16.
2
What is the greatest common factor of 1643 and 53?
53
Calculate the highest common factor of 4431 and 357.
21
Calculate the highest common divisor of 10 and 825.
5
What is the highest common factor of 70 and 340?
10
Calculate the highest common divisor of 202 and 10807.
101
Calculate the greatest common divisor of 46 and 989.
23
What is the greatest common divisor of 1000 and 18800?
200
What is the highest common divisor of 1722 and 77?
7
What is the highest common divisor of 390 and 234?
78
Calculate the greatest common factor of 165 and 484.
11
Calculate the highest common divisor of 50 and 325.
25
Calculate the highest common factor of 532 and 247.
19
Calculate the greatest common divisor of 80 and 120.
40
What is the greatest common factor of 62 and 31?
31
Calculate the greatest common divisor of 2 and 34.
2
What is the highest common divisor of 963 and 45?
9
What is the greatest common divisor of 27 and 2